mber?
True
Is 8072551 composite?
False
Is 5255557 prime?
False
Is 2343941 a composite number?
True
Is 1140313 composite?
True
Is 21697817 a prime number?
False
Is 784399411 a composite number?
False
Is 4609279 a composite number?
True
Is 16751503 prime?
True
Is 5742439 prime?
True
Is 147743318 prime?
False
Is 1667623 prime?
True
Is 43608199 composite?
True
Is 9226661 a composite number?
False
Is 25253843 a prime number?
True
Is 741289 prime?
False
Is 135151 composite?
False
Is 104649 a composite number?
True
Is 536441333 a composite number?
True
Is 34442823 a prime number?
False
Is 126485357 a composite number?
True
Is 310195 a prime number?
False
Is 8090843 composite?
False
Is 57165821 prime?
False
Is 234759389 prime?
True
Is 97943 a prime number?
True
Is 27529057 a prime number?
False
Is 448824265 composite?
True
Is 4407693 prime?
False
Is 70793707 composite?
True
Is 18280897 prime?
True
Is 28725899 a prime number?
True
Is 58716881 a composite number?
True
Is 1002797 composite?
False
Is 8783839 composite?
True
Is 29359129 prime?
True
Is 10224049 a composite number?
True
Is 86020079 composite?
True
Is 688174573 prime?
True
Is 19887103 prime?
False
Is 28711157 a composite number?
False
Is 34438247 a composite number?
False
Is 9357989 a prime number?
False
Is 2986549 a prime number?
False
Is 53875721 a composite number?
False
Is 48447779 prime?
True
Is 1494799 a prime number?
True
Is 10239377 composite?
False
Is 4577093 prime?
True
Is 970777 a composite number?
False
Is 3968593 a composite number?
True
Is 681809 composite?
False
Is 1221023 composite?
True
Is 260796199 prime?
False
Is 491629 prime?
False
Is 94342991 a composite number?
False
Is 24043043 composite?
False
Is 71077039 a prime number?
False
Is 16233853 a composite number?
True
Is 115356811 a composite number?
False
Is 148361 composite?
False
Is 84918859 a prime number?
False
Is 1583537 prime?
False
Is 113549 a composite number?
True
Is 94837807 composite?
False
Is 38816591 a prime number?
False
Is 447389881 a prime number?
False
Is 48715313 a composite number?
False
Is 42551923 a prime number?
True
Is 188113253 a composite number?
True
Is 219385657 a prime number?
True
Is 296509 a prime number?
True
Is 699493 composite?
False
Is 1315221979 a composite number?
False
Is 50887637 prime?
False
Is 7513867 prime?
True
Is 2198459 a composite number?
True
Is 733067 composite?
False
Is 128303 prime?
False
Is 390109483 a prime number?
True
Is 94262821 prime?
True
Is 306571343 prime?
False
Is 15268469 prime?
True
Is 72112085 composite?
True
Is 86934829 a prime number?
True
Is 1692425711 a prime number?
True
Is 64590599 a composite number?
True
Is 1528529 a prime number?
True
Is 16656595 a prime number?
False
Is 5462111 a prime number?
True
Is 70446497 a composite number?
True
Is 346123 composite?
True
Is 5675063 a composite number?
False
Is 688001 a prime number?
False
Is 315666553 composite?
False
Is 352655299 a composite number?
False
Is 60487403 a composite number?
True
Is 109626011 a composite number?
True
Is 811467247 prime?
True
Is 36859937 a composite number?
False
Is 2096971 composite?
False
Is 160459 prime?
False
Is 53104231 a prime number?
True
Is 18650977 composite?
False
Is 4407653 a prime number?
True
Is 252363403 prime?
True
Is 20724437 prime?
True
Is 1466633 a prime number?
False
Is 32951273 composite?
False
Is 50392091 prime?
True
Is 8251699 a composite number?
True
Is 4632185 a prime number?
False
Is 17028551 a prime number?
True
Is 1284806 composite?
True
Is 2366031 composite?
True
Is 6482837 a prime number?
True
Is 104574503 a composite number?
True
Is 7323731 a composite number?
False
Is 248263 composite?
True
Is 164252669 composite?
True
Is 1365811 a prime number?
True
Is 172677697 a prime number?
True
Is 776201 a composite number?
False
Is 337991 prime?
False
Is 557471 a composite number?
True
Is 223683113 composite?
False
Is 25929013 composite?
True
Is 41802887 prime?
False
Is 232795903 prime?
False
Is 362165993 composite?
True
Is 136768517 prime?
False
Is 84417571 composite?
True
Is 229803031 a prime number?
False
Is 1149131 a composite number?
False
Is 6150563 a composite number?
True
Is 5491394 a composite number?
True
Is 40951687 composite?
True
Is 114267389 a composite number?
False
Is 120763 a composite number?
False
Is 378493 a composite number?
False
Is 1349729 a composite number?
True
Is 23473757 prime?
True
Is 154558655 composite?
True
Is 6493433 a composite number?
False
Is 41421601 composite?
True
Is 93403333 a composite number?
False
Is 365101 a prime number?
False
Is 10057613 a prime number?
True
Is 8336387 composite?
False
Is 442061 a prime number?
True
Is 85116935 a prime number?
False
Is 462997 a composite number?
True
Is 8595173 composite?
False
Is 2662097 a composite number?
False
Is 25724877 a prime number?
False
Is 4458289 composite?
True
Is 1084717 a prime number?
False
Is 2703826 prime?
False
Is 163727687 composite?
True
Is 1210229 a composite number?
False
Is 41130773 a prime number?
False
Is 1303451 a composite number?
True
Is 6906487 composite?
True
Is 839189 a composite number?
True
Is 17489491 a composite number?
True
Is 10712321 a prime number?
False
Is 30341 prime?
True
Is 480644033 a prime number?
True
Is 12626263 prime?
False
Is 13008815 prime?
False
Is 277578335 composite?
True
Is 668407 composite?
False
Is 1004873 a composite number?
False
Is 5714609 prime?
True
Is 4147873 prime?
True
Is 2944651 composite?
True
Is 136509521 composite?
True
Is 275513807 prime?
True
Is 8927921 prime?
False
Is 846589 a prime number?
True
Is 54679201 composite?
False
Is 1318579 prime?
True
Is 37935593 composite?
False
Is 6265697 a prime number?
True
Is 47820721 a composite number?
True
Is 966122 a prime number?
False
Is 2940517 a composite number?
False
Is 89594441 a composite number?
True
Is 7594037 prime?
False
Is 102696491 a composite number?
False
Is 12339367 prime?
False
Is 154856591 prime?
True
Is 1519499 a prime number?
True
Is 152753 prime?
True
Is 20320609 a composite number?
False
Is 5405641 a prime number?
True
Is 3971757 a composite number?
True
Is 7578839 a composite number?
True
Is 683003 composite?
False
Is 1921733 a composite number?
True
Is 351811 a prime number?
True
Is 4862621 a composite number?
False
Is 7450853 prime?
True
Is 720627653 a prime number?
True
Is 34614491 a prime number?
True
Is 605203 prime?
False
Is 20363561 a composite number?
True
Is 7800917 a composite number?
True
Is 317771 a prime number?
True
Is 11328881 a prime number?
True
Is 1069597 a composite number?
False
Is 8163629 composite?
False
Is 6959083 a prime number?
True
Is 269377 prime?
True
Is 29965307 prime?
True
Is 7937639 a prime number?
True
Is 17213233 a composite number?
True
Is 15941257 prime?
False
Is 111550591 prime?
True
Is 11987467 a prime number?
False
Is 34348997 composite?
True
Is 11126471 a composite number?
False
Is 23544713 composite?
True
Is 184552601 a prime number?
True
Is 5702897 a composite number?
False
Is 13656029 a prime number?
True
Is 112658941 a prime number?
True
Is 1600957 a composite number?
False
Is 24409345 composite?
True
Is 138620927 prime?
True
Is 1212173 prime?
True
Is 816521 composite?
False
Is 5584021 a prime number?
True
Is 1686299 composite?
True
Is 3575929 composite?
True
Is 126287 prime?
False
Is 319704923 a composite number?
False
Is 674035 prime?
False
Is 3336887 prime?
True
Is 24155218 prime?
False
Is 9687781 composite?
True
Is 154075147 a prime number?
True
Is 146826607 composite?
False
Is 19799071 prime?
True
Is 85128815 a composite number?
True
Is 292991 prime?
False
Is 3008435 composite?
True
Is 2089279 a composite number?
True
Is 11456167 composite?
True
Is 3849377 composite?
True
Is 120766889 a prime number?
False
Is 93561817 composite?
False
Is 328441093 prime?
True
Is 87858739 composite?
True
Is 840329 prime?
False
Is 148672751 a composite number?
True
Is 13426811 composite?
True
Is 2503547 a prime number?
False
Is 247465046 a prime number?
False
Is 147765569 composite?
True
Is 28699691 a prime number?
False
Is 11934127 a composite number?
False
Is 11273027 a prime number?
True
Is 188871467 a prime number?
True
Is 4927493 prime?
True
Is 6114445 composite?
True
Is 128667065 composite?
True
Is 61157377 prime?
